Give h(-9).
5
Let n(x) = 3*x - 7. Determine n(0).
-7
Let h(q) = -q**3 - 8*q**2 + 154*q - 6. Determine h(9).
3
Let k(o) = 5*o**2 - 24*o - 6. Determine k(3).
-33
Let t(u) = u**3 - 15*u**2 - 21*u + 15. What is t(16)?
-65
Let d(b) = -b**2 - 16*b - 23. Determine d(-16).
-23
Let u(w) = -11*w - 3. Give u(-5).
52
Let o(z) = z**2 - 20. Give o(4).
-4
Let m(v) = 2*v**3 + 9*v**2 + 2*v - 3. What is m(-4)?
5
Let z(s) = 2*s**2 - 5*s - 10. What is z(5)?
15
Let m(n) = n**2 + 17*n - 9. Give m(-19).
29
Let w(c) = 3*c**2 + 7*c - 17. Determine w(-4).
3
Let j(w) = 52*w**2 + 3*w - 3. Calculate j(1).
52
Let i(p) = 2*p**3 + p + 2. Determine i(-2).
-16
Let m(t) = t + 9. Determine m(-7).
2
Let m(d) = -d**3 - 2*d**2 + 2*d - 3. What is m(-3)?
0
Let x(k) = 58*k + 286. What is x(-5)?
-4
Let v(b) = -6*b - 7. What is v(-6)?
29
Let j(f) = -f**2 - 96*f - 855. Determine j(-86).
5
Let j(w) = w**2 - 6*w - 21. What is j(10)?
19
Let a(k) = 13*k - 51. Determine a(5).
14
Let q(w) = -w**3 - 14*w**2 - 3*w - 9. Give q(-14).
33
Let x(y) = -y**2 + 2*y + 5. What is x(-2)?
-3
Let b(m) = m**3 + 14*m**2 + 26*m + 6. Give b(-12).
-18
Let n(u) = -u**2 + 10*u + 1. Give n(7).
22
Let d(p) = 4*p**2 + 3*p - 51. What is d(7)?
166
Let r(h) = -9*h + 19. Calculate r(3).
-8
Let r(u) = u**3 - 32*u**2 - 31*u - 74. What is r(33)?
-8
Let q(p) = 3*p + 51. What is q(-17)?
0
Let i(k) = -k**3 - 34*k**2 - 95*k - 55. Give i(-31).
7
Let y(v) = -v**3 + 14*v**2 + 18*v - 35. Calculate y(15).
10
Let z(b) = 17*b + 6. What is z(2)?
40
Let t(f) = 19*f**2 + 4*f - 4. Determine t(2).
80
Let i(j) = -5*j**3 + j**2 + 16*j - 17. What is i(1)?
-5
Let i(m) = -4*m + 27. Give i(-6).
51
Let z(s) = -2*s - 6. What is z(-7)?
8
Let b(d) = -d**2 - 7*d - 14. Determine b(-4).
-2
Let g(d) = d**2 + 20*d + 69. Give g(-15).
-6
Let h(j) = -j**3 - 9*j**2 + 10*j - 7. What is h(-10)?
-7
Let f(u) = -3*u**3 + 5*u - 9. Calculate f(2).
-23
Let l(s) = s**3 + 27*s**2 - 2*s - 72. Give l(-27).
-18
Let w(p) = -3*p**2 + 169*p + 114. What is w(57)?
0
Let f(j) = -j**2 - 23*j - 31. Calculate f(-21).
11
Let i(w) = -3*w**2 - 5*w + 6. Determine i(-3).
-6
Let n(w) = 6*w**2. Calculate n(1).
6
Let j(i) = 8*i + 55. What is j(-6)?
7
Let n(w) = -w**3 - 13*w**2 + w + 6. What is n(-13)?
-7
Let c(l) = -l**2 - 2*l - 5. What is c(-4)?
-13
Let a(t) = 2*t + 9. Calculate a(-5).
-1
Let o(n) = n**3 + 9*n**2 + 8*n + 10. Give o(-8).
10
Let j(c) = 2*c**3 - 2*c**2 + c - 2. What is j(2)?
8
Let z(w) = 2*w**3 + 8*w**2 - 7*w + 1. Give z(-5).
-14
Let a(d) = d**2 + 2*d - 6. Calculate a(-5).
9
Let q(t) = -t**2 - 15*t - 21. Give q(-14).
-7
Let b(t) = t**2 - 11*t + 7. Give b(5).
-23
Let u(n) = 49*n - 100. Give u(2).
-2
Let w(x) = -12*x**3 - x**2 + x. Calculate w(1).
-12
Let n(s) = s + 1. Give n(-11).
-10
Let a(b) = b**2 - 5*b + 4. What is a(5)?
4
Let d(w) = -4*w + 137. Give d(32).
9
Let j(k) = 3*k + 2. Give j(2).
8
Let k(l) = -5*l**2 + 14*l + 32. Calculate k(4).
8
Let p(f) = -13*f + 6. Calculate p(-15).
201
Let u(q) = -q**2 - 6*q + 9. Give u(-7).
2
Let x(w) = -15*w + 67. Calculate x(5).
-8
Let j(d) = 2*d**2 + 4*d - 15. Give j(-5).
15
Let m(x) = x**2 + 7*x + 9. Give m(-6).
3
Let y(i) = -i + 11. What is y(13)?
-2
Let c(z) = -z**3 - 5*z**2 + 2*z - 6. What is c(-6)?
18
Let k(z) = 15*z + 30. Determine k(-4).
-30
Let g(w) = -16*w + 53. Give g(5).
-27
Let p(r) = -21*r**3 + 2*r**2 - r. Calculate p(1).
-20
Let b(r) = r**3 - 23*r**2 + 40*r + 49. Calculate b(21).
7
Let n(h) = h**2 + 20*h + 68. Determine n(-5).
-7
Let p(r) = -r**3 - 7*r**2 - 4*r - 21. Determine p(-7).
7
Let x(a) = 2*a**2 - 8*a + 8. Give x(7).
50
Let q(x) = 4*x**2 + 2*x + 4. Determine q(-2).
16
Let o(n) = 7*n**2 - 7*n - 27. Calculate o(-2).
15
Let h(l) = l**3 + 5*l**2 - 3*l - 6. Determine h(-5).
9
Let g(q) = q**3 + 9*q**2 + 12*q - 1. Determine g(-6).
35
Let v(m) = m**3 + 8*m**2 - 5*m - 9. Determine v(-8).
31
Let s(q) = -9*q + 43. Calculate s(5).
-2
Let q(p) = -p**3 - 10*p**2 + 3*p + 82. Determine q(-9).
-26
Let m(l) = l**2 + 13*l + 3. Give m(-11).
-19
Let p(x) = -x**2 + 11*x - 14. Determine p(11).
-14
Let s(f) = -99*f + 3. Determine s(0).
3
Let t(i) = -2*i - 80. Determine t(0).
-80
Let v(i) = -i**3 - i**2 + i - 2. What is v(-2)?
0
Let k(s) = s**2 - 6*s - 23. Determine k(9).
4
Let n(x) = -x**2 - 4*x + 9. Give n(6).
-51
Let i(w) = -w**3 - w**2 + 20. Calculate i(0).
20
Let u(s) = -5*s**3 + s - 1. Determine u(1).
-5
Let d(k) = 96*k - 399. What is d(4)?
-15
Let f(j) = -2*j**2 + 5*j - 6. Calculate f(2).
-4
Let w(i) = i**2 + 39*i + 131. Calculate w(-34).
-39
Let a(l) = l**3 - 11*l**2 + l - 7. Determine a(11).
4
Let s(n) = n**3 + 5*n**2 - 9*n - 7. Calculate s(-6).
11
Let n(b) = 5*b**3 + 4*b**2 + 2*b - 6. Give n(-3).
-111
Let u(i) = 3*i**3 - 3*i**2 + i - 4. Calculate u(2).
10
Let o(z) = -z**2 + 15*z + 18. What is o(18)?
-36
Let u(g) = g**3 - g**2 + g. Determine u(3).
21
Let r(u) = 6*u - 9. Determine r(-4).
-33
Let u(i) = -i**2 + 9*i - 6. Determine u(6).
12
Let m(s) = 2*s - 5. Determine m(5).
5
Let i(w) = -w**2 - 16*w + 6. Calculate i(-16).
6
Let s(u) = -5*u - 1. Calculate s(-14).
69
Let q(b) = b**3 + 7*b**2 - 2*b - 17. What is q(-7)?
-3
Let n(o) = -14*o + 5. Give n(5).
-65
Let x(d) = d**2 + 15*d - 54. What is x(-18)?
0
Let c(z) = -2*z**3 + 13*z**2 - 4*z + 2. Calculate c(6).
14
Let j(n) = -n + 4. Calculate j(-5).
9
Let l(v) = -2*v**3 + 8*v**2 - 2*v + 5. Determine l(6).
-151
Let p(j) = j**3 - 19*j**2 - 6*j + 40. What is p(19)?
-74
Let t(u) = u**2 - 29*u - 58. Calculate t(31).
4
Let i(c) = 78*c + 4. Calculate i(-2).
-152
Let o(a) = -3*a + 18. What is o(8)?
-6
Let k(m) = -65*m + 192. Give k(3).
-3
Let j(r) = 9*r - 43. Give j(5).
2
Let p(j) = -2*j - 23. Calculate p(6).
-35
Let b(d) = d**3 + 13*d**2 - 25*d + 74. Give b(-15).
-1
Let v(j) = j**3 + 6*j**2 - 7*j - 8. Give v(-7).
-8
Let q(b) = b**3 - 5*b**2 - 3*b - 12. Calculate q(5).
-27
Let f(y) = -2*y**2 + 8*y - 6. Calculate f(3).
0
Let k(h) = h**2 + 19*h - 24. Determine k(-20).
-4
Let k(t) = -t**2 + 5*t - 4. What is k(7)?
-18
Let k(p) = p**3 - 6*p**2 - p - 18. Determine k(5).
-48
Let n(t) = -12*t - 167. Give n(-12).
-23
Let y(g) = -3*g**2 - 11*g + 3. Determine y(-3).
9
Let o(r) = -r + 20. Determine o(11).
9
Let j(f) = -f**3 + 5*f**2 + 10*f + 16. Calculate j(8).
-96
Let d(x) = -x - 8. Calculate d(-4).
-4
Let n(r) = r**2 + 18*r + 20. Calculate n(-16).
-12
Let g(j) = -74*j - 819. What is g(-11)?
-5
Let n(a) = -8*a - 216. What is n(-27)?
0
Let m(w) = -w**3 - 5*w**2 - 9*w - 8. Determine m(-5).
37
Let j(b) = -3*b + 2. Calculate j(4).
-10
Let h(b) = 58*b - 218. Calculate h(4).
14
Let a(b) = -2*b - 11. Calculate a(-9).
7
Let x(m) = 3*m + 39. Give x(-12).
3
Let u(s) = 9*s - 10. What is u(2)?
8
Let j(u) = -u**3 + 4*u**2 - 3*u + 6. What is j(4)?
-6
Let x(p) = p**2 + 10*p - 43. Calculate x(-18).
101
Let y(h) = h - 6. Give y(-6).
-12
Let y(i) = 14*i - 15. What is y(2)?
13
Let v(i) = -12*i + 1. Calculate v(-4).
49
Let q(z) = -2*z + 31. Give q(-13).
57
Let k(n) = -n**3 - 45*n**2 + 251*n + 63. Give k(-50).
13
Let l(i) = i**2 + 6*i - 5. Calculate l(4).
35
Let a(y) = 3*y**3 + 2. Calculate a(2).
26
Let w(j) = 3*j**3 + 30*j**2 - 9*j - 92. Determine w(-10).
-2
Let o(z) = -14*z**2 + 77*z + 1. Calculate o(6).
-41
Let n(s) = -3*s - 1. Determine n(10).
-31
Let j(p) = p**3 + 10*p**2 - 12*p + 4. What is j(-11)?
15
Let t(p) = -6*p**3 + p**2 - 5*p - 11. What is t(-2)?
51
Let n(a) = -16*a**2 - 113*a - 7. What is n(-7)?
0
Let x(i) = 4*i**2 + 98*i + 53. Give x(-24).
5
Let j(f) = -f**3 - f**2 - 3*f - 6. What is j(-2)?
4
Let f(w) = 2*w**3 - 46*w**2 + 2*w - 13. Determine f(23).
33
Let b(m) = -2*m**3 - 11*m**2 + 62*m - 8. Determine b(-9).
1
Let f(t) = t**2 + 13*t + 22. Calculate f(-9).
-14
Let p(f) = 16*f - 493. Give p(31).
3
Let k(j) = -3*j - 70. Determine k(-22).
-4
Let j(p) = p**2 + 15*p + 8. Determine j(0).
8
Let l(o) = -5*o - 34. Determine l(-16).
46
Let t(r) = -29*r**3 - 2*r**2 - r + 1. Determine t(-1).
29
Let r(d) = -2*d**3 - 3*d**2 + 3*d - 2. Give r(-3).
16
Let f(g) = -g**3 - 3*g**2 + 7*g - 2. Calculate f(-6).
64
Let d(m) = -m**3 - 53*m**2 + 230*m + 101. What is d(-57)?
-13
Let c(q) = -q**2 + 4*q + 4. Determine c(7).
-17
Let g(i) = -5*i + 79. Determine g(17).
-6
Let a(d) = d**3 - d**2 - 2*d - 1. Determine a(-2).
-9
Let o(v) = -13*v + 3. Calculate o(2).
-23
Let g(f) = -2*f**3 - 3*f**2 + 4*f - 3. Give g(1).
-4
Let x(h) = 6*h**2 + 